{"id":2407,"date":"2022-12-15T09:11:00","date_gmt":"2022-12-15T09:11:00","guid":{"rendered":"https:\/\/studiofavum.eu\/?page_id=2407"},"modified":"2024-01-15T13:26:59","modified_gmt":"2024-01-15T13:26:59","slug":"nos-tarifs","status":"publish","type":"page","link":"https:\/\/studiofavum.eu\/?page_id=2407&lang=fr","title":{"rendered":"Nos Tarifs"},"content":{"rendered":"\n\n\n\n\n\nCREATION DE SITES WEBS<br>Nos forfaits tout inclus\n\n\n\n\n\n<h2>individuAl<\/h2>\n<h4>650 euros<\/h4>\nId\u00e9al pour les individus ou associations. <br>Site web fait sur mesure :\n\n3 pages web\n\n\nMenu de navigation\n\n\n5 images de votre choix\n\n\nPolices &amp; couleurs de votre choix\n\n\nDesign intelligent&nbsp;pour affichage adaptif sur ordinateur, tablette ou smartphone&nbsp;\n\n\nLiens vers les r\u00e9seaux sociaux (Facebook, LinkedIn&#8230;)\n\n\nOuvert aux moteurs de recherche pour rendre le site facile \u00e0 trouver\n\n\n2 r\u00e9visions incluses\n\n\n\n\n\n<h2>BUSINESS<\/h2>\n<h4>950 euros<\/h4>\nEn plus du forfait Individual :\n\n8 pages web\n\n\n25 images de votre choix\n\n\nPage blog\n\n\nCarrousel d&#8217;images&nbsp;\n\n\nFormulaire de contact\n\n\nCarousel de t\u00e9moignages, r\u00e9f\u00e9rences\n\n\nGoogle maps\n\n\n4 r\u00e9visions&nbsp;incluses\n\n\n\n\n\n<h2>CORPORATE<\/h2>\n<h4>1,200 euros<\/h4>\n&nbsp; &nbsp; &nbsp; &nbsp; &nbsp;En plus du forfait Business :&nbsp;\n\n25 pages webs\n\n\nVid\u00e9o\n\n\n2 langues\n\n\nMenu principal en t\u00eate de page et plan de site en bas de page\n\n\n60 images de votre choix\n\n\n6 r\u00e9visions&nbsp;incluses\n\n\n\n\n\n\n\n\n\nAUTRES SERVICES\n\n\n\n\n\n<h2>HEBERGEMENT<\/h2>\n<h4>Forfait Annuel : 120 euros<\/h4>\n\n\n\n1 site, 1 nom de domaine\n\n\n5 adresses email\n\n\nCertificat SSL\n\n\nSauvegardes quotidiennes\n\n\nProtection Cyber-S\u00e9curit\u00e9 de pointe\n\n\nCloudLinux Secure Operating System\n\n\n\n\n\n<h2>SERVICES WEB<\/h2>\n\n\n\n&nbsp;Enregistrement domaine\n&nbsp;45 euros\n&nbsp;par an\n\n\n&nbsp;Renouvellement domaine\n&nbsp;45 euros\n&nbsp;par an\n\n\n&nbsp;Page web suppl\u00e9mentaire\n&nbsp;45 euros\n&nbsp;par page\n\n\n&nbsp;Carrousel d&#8217;images\n&nbsp;45 euros\n&nbsp;l\u2019unit\u00e9\n\n\n&nbsp;Codage (JS, PHP, SQL)\n125 euros\n&nbsp;de l&#8217;heure\n\n\n&nbsp;Mise \u00e0 jour du contenu\n&nbsp;55 euros\n&nbsp;de l&#8217;heure\n\n\n&nbsp;Correction de texte\n&nbsp;55 euros\n&nbsp;de l&#8217;heure\n\n\n&nbsp;R\u00e9daction de texte\n&nbsp;85 euros\n&nbsp;par page\n\n\n&nbsp;R<span style=\"color: rgb(18, 87, 80);\">\u00e9<\/span>vision suppl\u00e9mentaire\n&nbsp;25 euros\n&nbsp;par page\n\n\n&nbsp;Vid\u00e9o&nbsp;\n&nbsp;40 euros\n<span style=\"color: rgb(36, 76, 109);\">&nbsp;l\u2019unit\u00e9<\/span>\n\n\n&nbsp;Formulaire de contact\n&nbsp;40 euros\n&nbsp;l\u2019unit\u00e9\n\n\n&nbsp;Language Switcher\n&nbsp;45 euros\n&nbsp;l\u2019unit\u00e9\n\n\n&nbsp;Lien relatif (ancre)\n&nbsp;25 euros\n&nbsp;l\u2019unit\u00e9\n\n\n\n\n\n<h2>TRADUCTIONS<\/h2>\n\n\n&nbsp;Anglais \/ fran\u00e7ais\n&nbsp;EUR 0,15\n&nbsp;par mot\n\n\n&nbsp;Anglais \/ ukrainien\n&nbsp;EUR 0.18\n&nbsp;par mot\n\n\n&nbsp;Anglais \/ russe\n&nbsp;EUR 0.18\n&nbsp;par mot\n\n\n&nbsp;Anglais \/ slov\u00e8ne\n&nbsp;EUR 0.18\n&nbsp;par mot\n\n\n&nbsp;Slov\u00e8ne \/ ukrainien\n&nbsp;EUR 0.22\n&nbsp;par mot\n\n\n&nbsp;Slov\u00e8ne \/ russe\n&nbsp;EUR 0.22\n&nbsp;par mot\n\n\nAutres langues : nous consulter\n\n\n\n\n\n\n\n\n\n\n\n\nNotre politique tarifaire\nStudio Favum pratique la transparence tarifaire. Notre liste de prix est publique et exhaustive. Nos forfaits Cr\u00e9ation de Sites s&#8217;entendent tout inclus. Pour un forfait donn\u00e9 vous recevrez un site fait sur mesure et totalement fonctionnel.  Nous sommes une soci\u00e9t\u00e9 familiale bien organis\u00e9e en mesure d&#8217;offrir des tarifs comp\u00e9titifs. Nos tarifs s&#8217;entendent en euros hors taxes.\n\n\n\n\n","protected":false},"excerpt":{"rendered":"","protected":false},"author":1,"featured_media":0,"parent":0,"menu_order":0,"comment_status":"closed","ping_status":"closed","template":"","meta":{"footnotes":""},"class_list":["post-2407","page","type-page","status-publish","hentry"],"_links":{"self":[{"href":"https:\/\/studiofavum.eu\/index.php?rest_route=\/wp\/v2\/pages\/2407","targetHints":{"allow":["GET"]}}],"collection":[{"href":"https:\/\/studiofavum.eu\/index.php?rest_route=\/wp\/v2\/pages"}],"about":[{"href":"https:\/\/studiofavum.eu\/index.php?rest_route=\/wp\/v2\/types\/page"}],"author":[{"embeddable":true,"href":"https:\/\/studiofavum.eu\/index.php?rest_route=\/wp\/v2\/users\/1"}],"replies":[{"embeddable":true,"href":"https:\/\/studiofavum.eu\/index.php?rest_route=%2Fwp%2Fv2%2Fcomments&post=2407"}],"version-history":[{"count":64,"href":"https:\/\/studiofavum.eu\/index.php?rest_route=\/wp\/v2\/pages\/2407\/revisions"}],"predecessor-version":[{"id":3188,"href":"https:\/\/studiofavum.eu\/index.php?rest_route=\/wp\/v2\/pages\/2407\/revisions\/3188"}],"wp:attachment":[{"href":"https:\/\/studiofavum.eu\/index.php?rest_route=%2Fwp%2Fv2%2Fmedia&parent=2407"}],"curies":[{"name":"wp","href":"https:\/\/api.w.org\/{rel}","templated":true}]}}