{"id":2154,"date":"2022-12-12T17:47:27","date_gmt":"2022-12-12T17:47:27","guid":{"rendered":"https:\/\/studiofavum.eu\/?page_id=2154"},"modified":"2024-02-01T00:56:53","modified_gmt":"2024-02-01T00:56:53","slug":"accueil","status":"publish","type":"page","link":"https:\/\/studiofavum.eu\/?page_id=2154&lang=fr","title":{"rendered":"Accueil"},"content":{"rendered":"\n\n\nCr\u00e9ateurs de Sites Webs\n\n\n\n\n\n\nNous sommes une entreprise familiale sp\u00e9cialis\u00e9e dans le d\u00e9veloppement internet. Notre c\u0153ur de m\u00e9tier est la <strong>cr\u00e9ation et l\u2019h\u00e9bergement<\/strong> de sites webs sur mesure.&nbsp;<br><br>Forts de nombreuses ann\u00e9es pass\u00e9es au sein de multinationales dans la vente, le marketing et la communication, nous avons acquis une tr\u00e8s bonne connaissance du milieu des affaires et nous sommes souvent amen\u00e9s a <strong>r\u00e9diger le contenu<\/strong> des sites webs de nos clients.&nbsp;<br><br>Nous parlons couramment 5 langues et nous r\u00e9alisons des <strong>sites plurilingues<\/strong> avec des traductions de haut niveau. Nous r\u00e9alisons uniquement du <strong>sur mesure<\/strong>.&nbsp;\n\n\n\n\n\n\n\n\n\n\n\n\n\n\n\n\n\n\n\n\nConfection sur mesure\nUn site web qui vous ressemble\n\n\nDans un environnement web satur\u00e9, <strong>un site doit se d\u00e9marquer<\/strong> pour se faire remarquer. Nous s\u00e9lectionnons des images qui renforcent le contenu du texte  pour une communication \u00e0&nbsp;fort impact. Le choix des images, couleurs, polices et de la mise en page se fera avec vous de <strong>fa\u00e7on personnalis\u00e9e<\/strong>. Chaque site est unique et le votre exprimera vos valeurs.\n\n\n\n\n\n\n\n\n\n\n\n\n\nNous privil\u00e9gions des <strong>relations durables<\/strong> avec nos clients qui bien souvent nous confient leur site web en h\u00e9bergement et en maintenance. Nous avons une structure l\u00e9g\u00e8re et flexible et \u00e0 ce titre nous sommes en mesure de proposer des <strong>tarifs comp\u00e9titifs<\/strong>.\n\n\n\n\n\n\n\n\n\n\n\n\n\n\n\n\n\n\n\n\n\nUn travail soign\u00e9\n\n\n\n\n\n\n\n\n\n\n\n\n\n\n\n\n\n\n\n\n\n\n\nStructure &amp; contenu professionnels\nDans un monde id\u00e9al, vous aurez d\u00e9j\u00e0 r\u00e9dig\u00e9 le contenu de votre futur site et d\u00e9cid\u00e9 comment structurer le texte en  diff\u00e9rents paragraphes et pages. En pratique cependant, vous voudrez peut \u00eatre confier ce travail \u00e0 Studio Favum. Sur la base de votre esquisse ou apr\u00e8s un entretien par exemple, nous pouvons r\u00e9diger le contenu du site et le structurer de mani\u00e8re professionnelle.\n\nNous parlons 5 langues couramment et nos traductions sont de haut niveau.\n\n\n\n\n\n\n\n\n\n\n\n\n\n\n\nMise en page, images et couleurs\n\n\n\n\n\n\n\n\n\n\n\n<em><\/em>Les \u00e9tudes montrent que l&#8217;attention d&#8217;un internaute se dissipe au bout d&#8217;environ 8 secondes. Nous choisissons par cons\u00e9quent avec soin des images qui renforcent le contenu du texte. L&#8217;internaute doit comprendre en quelques secondes dans quel domaine vous intervenez, les principaux produits et services propos\u00e9s et ce qui vous d\u00e9marque de votre concurrence. Il convient de s\u00e9duire le visiteur et l&#8217;inviter \u00e0&nbsp;naviguer plus loin dans le site et \u00e0&nbsp;interagir avec vous (prise de contact, demande d&#8217;offre&#8230;). Un contenu concis et bien ficel\u00e9 avec des images adapt\u00e9es vont induire ce type de comportement souhait\u00e9.\n\n\n\n\n\n\n\n\n\n\n\n\n\n\n\n\n\n\n\n\n\n\n\n\n\nVotre h\u00e9bergement en toute s\u00e9curit\u00e9\n\n\n\n\n\n\n\n\n\n\n\n\n\n\n\n\n\n\nVotre site sera entre de bonnes mains si vous d\u00e9cidez de nous le confier en h\u00e9bergement. Apr\u00e8s tout, nous en revendiquerons une part de paternit\u00e9 et nous nous en sentirons particuli\u00e8rement protecteurs !  <br><br>Nous proposons des abonnement annuels en h\u00e9bergement comprenant 2 GB d&#8217;espace de stockage, 5 adresses emails et une Cyber-S\u00e9curit\u00e9 de pointe. Nous pouvons en outre, si vous nous en faites la demande, effectuer la mise \u00e0&nbsp;jour r\u00e9guli\u00e8re de vos donn\u00e9es.<br><br>Si vous optez pour un autre h\u00e9bergeur, nous vous ferons parvenir les fichiers et scripts, ou nous pouvons les transmettre directement \u00e0&nbsp;votre prestataire.\n\n\n\n\n\n\n\n\n\n\n\n\n\n\n\n\n\n\n\n\n\n\n\n\n\n\n\n\n\n\n\n\nQui sommes nous\n\n\n\n\nFavum Co. Ltd est une soci\u00e9t\u00e9 familiale cr\u00e9\u00e9e en 2014 et sa division Studio Favum est sp\u00e9cialis\u00e9e dans la cr\u00e9ation et l&#8217;h\u00e9bergement de sites webs sur mesure. Les g\u00e9rants parlent couramment le fran\u00e7ais, le slov\u00e8ne, l&#8217;anglais, l&#8217;ukrainien et le russe.\n\n\n\n\nNotre Directeur G\u00e9n\u00e9ral\n\n\n\n\n\nNicolas Marchand\n\n\n\nNicolas Marchand est le responsable de Studio Favum. Il a occup\u00e9 des postes de direction au sein de l&#8217;industrie de l&#8217;emballage et de l&#8217;impression et a supervis\u00e9 des projets IT d&#8217;envergure \u00e0 travers le monde. En 2014 il a d\u00e9cid\u00e9 de s&#8217;installer en Slov\u00e9nie pour y cr\u00e9er sa soci\u00e9t\u00e9.<br><br>La cr\u00e9ation de sites webs avait d\u00e9marr\u00e9 initialement comme un passe-temps. Effectivement cela combine des activit\u00e9s qui passionnent Nicolas: la programmation &amp; l&#8217;informatique, le design &amp; l&#8217;architecture, et enfin la r\u00e9daction &amp; les traductions. Nicolas est bilingue anglais et fran\u00e7ais.\n\n\n\n\n\n\n\n\n\n\n\n\n\n\nPROJETS recents\nCE QU&#8217;EN DISENT NOS CLIENTS\n\n\n<p style=\"padding:32px; background-color:#fff\"><em>\u201d Je suis tr\u00e8s satisfaite du travail r\u00e9alis\u00e9 par Nicolas Marchand. Mon site est personnalis\u00e9 et ressemble \u00e0 ce que je souhaitais avec plein de fonctionnalit\u00e9s (prise de rendez-vous, paiements, site multilingue&#8230;) Je peux recommander Studio Favum..&#8221;&nbsp;<\/em><\/p>\n\n\n\n<p style=\"padding:32px; background-color:#fff\"><em>\u201d Nous avons demand\u00e9 \u00e0 Studio Favum de revoir compl\u00e8tement notre site web et de le restructurer. Ils ont choisi des visuels et une mise en page tout \u00e0 fait convaincants. Ils ont r\u00e9alis\u00e9 une version multilingue de qualit\u00e9. Nos clients nous donnent des avis tr\u00e8s positifs.&#8221;<\/em><\/p>\n\n\n\n<p style=\"padding:32px; background-color:#fff\"><em>\u201d Nicolas Marchand de Studio Favum nous a aid\u00e9 \u00e0 refaire notre site internet qui commen\u00e7ait \u00e0 dater. Il a tout restructur<\/em><em>\u00e9<\/em><em>. Nous en sommes tout \u00e0 fait satisfaits. Il a r\u00e9alis\u00e9 \u00e9galement les traductions. Nous pouvons vraiment le recommander sans probl\u00e8me.\u201d<\/em><\/p>\n\n\n\n<p style=\"padding:32px; background-color:#fff\"><em>\u201dIl s&#8217;agissait de mon premier site web et j\u2019\u00e9tais un peu perdue. Studio Favum a vraiment aid\u00e9 \u00e0 structurer le contenu et la mise en page. Excellent travail. Ils assurent la mise \u00e0 jour de nos offres commerciales de mani\u00e8re rapide. Vraiment bon service. &#8221;&nbsp;<\/em><\/p>\n\n\n\n\n\n\n\n\n\n","protected":false},"excerpt":{"rendered":"","protected":false},"author":1,"featured_media":0,"parent":0,"menu_order":0,"comment_status":"closed","ping_status":"closed","template":"","meta":{"footnotes":""},"class_list":["post-2154","page","type-page","status-publish","hentry"],"_links":{"self":[{"href":"https:\/\/studiofavum.eu\/index.php?rest_route=\/wp\/v2\/pages\/2154","targetHints":{"allow":["GET"]}}],"collection":[{"href":"https:\/\/studiofavum.eu\/index.php?rest_route=\/wp\/v2\/pages"}],"about":[{"href":"https:\/\/studiofavum.eu\/index.php?rest_route=\/wp\/v2\/types\/page"}],"author":[{"embeddable":true,"href":"https:\/\/studiofavum.eu\/index.php?rest_route=\/wp\/v2\/users\/1"}],"replies":[{"embeddable":true,"href":"https:\/\/studiofavum.eu\/index.php?rest_route=%2Fwp%2Fv2%2Fcomments&post=2154"}],"version-history":[{"count":304,"href":"https:\/\/studiofavum.eu\/index.php?rest_route=\/wp\/v2\/pages\/2154\/revisions"}],"predecessor-version":[{"id":3216,"href":"https:\/\/studiofavum.eu\/index.php?rest_route=\/wp\/v2\/pages\/2154\/revisions\/3216"}],"wp:attachment":[{"href":"https:\/\/studiofavum.eu\/index.php?rest_route=%2Fwp%2Fv2%2Fmedia&parent=2154"}],"curies":[{"name":"wp","href":"https:\/\/api.w.org\/{rel}","templated":true}]}}